{"id":446,"date":"2024-09-12T19:31:53","date_gmt":"2024-09-12T19:31:53","guid":{"rendered":"https:\/\/www.uroda.beskidy.pl\/?page_id=446"},"modified":"2024-09-12T19:31:53","modified_gmt":"2024-09-12T19:31:53","slug":"o-mnie","status":"publish","type":"page","link":"https:\/\/www.uroda.beskidy.pl\/index.php\/o-mnie\/","title":{"rendered":"O mnie"},"content":{"rendered":"\n<figure class=\"wp-block-image size-large\"><img loading=\"lazy\" width=\"680\" height=\"1024\" src=\"https:\/\/www.uroda.beskidy.pl\/wp-content\/uploads\/2024\/09\/IMG_6658-680x1024.jpg\" alt=\"\" class=\"wp-image-447\" srcset=\"https:\/\/www.uroda.beskidy.pl\/wp-content\/uploads\/2024\/09\/IMG_6658-680x1024.jpg 680w, https:\/\/www.uroda.beskidy.pl\/wp-content\/uploads\/2024\/09\/IMG_6658-199x300.jpg 199w, https:\/\/www.uroda.beskidy.pl\/wp-content\/uploads\/2024\/09\/IMG_6658-768x1156.jpg 768w, https:\/\/www.uroda.beskidy.pl\/wp-content\/uploads\/2024\/09\/IMG_6658-1020x1536.jpg 1020w, https:\/\/www.uroda.beskidy.pl\/wp-content\/uploads\/2024\/09\/IMG_6658-1360x2048.jpg 1360w, https:\/\/www.uroda.beskidy.pl\/wp-content\/uploads\/2024\/09\/IMG_6658-scaled.jpg 1700w\" sizes=\"(max-width: 680px) 100vw, 680px\" \/><\/figure>\n\n\n\n<p><strong>Cze\u015b\u0107! Nazywam si\u0119 Marzena jestem profesjonaln\u0105 makija\u017cystk\u0105 z pasj\u0105 do podkre\u015blania naturalnego pi\u0119kna.<\/strong><br>Od wielu lat fascynuj\u0119 si\u0119 sztuk\u0105 makija\u017cu, a moje do\u015bwiadczenie pozwala mi tworzy\u0107 wyj\u0105tkowe, dopasowane do potrzeb klientek stylizacje \u2013 zar\u00f3wno na co dzie\u0144, jak i na specjalne okazje. Niezale\u017cnie od tego, czy przygotowujesz si\u0119 na \u015blub, sesj\u0119 zdj\u0119ciow\u0105, czy wieczorne wyj\u015bcie, pomog\u0119 Ci poczu\u0107 si\u0119 pewnie i ol\u015bniewaj\u0105co.<\/p>\n\n\n\n<p>Stawiam na indywidualne podej\u015bcie do ka\u017cdej osoby, dbaj\u0105c o to, aby ka\u017cdy makija\u017c nie tylko podkre\u015bla\u0142 urod\u0119, ale tak\u017ce odzwierciedla\u0142 charakter i styl moich klientek. Pracuj\u0119 na najwy\u017cszej jako\u015bci produktach, dzi\u0119ki czemu makija\u017c jest trwa\u0142y, a sk\u00f3ra wygl\u0105da zdrowo i promiennie.<\/p>\n\n\n\n<p>Je\u015bli szukasz kogo\u015b, kto po\u0142\u0105czy kreatywno\u015b\u0107, precyzj\u0119 i profesjonalizm \u2013 dobrze trafi\u0142a\u015b! Zapraszam do kontaktu, aby wsp\u00f3lnie stworzy\u0107 co\u015b wyj\u0105tkowego.<\/p>\n","protected":false},"excerpt":{"rendered":"<p>Cze\u015b\u0107! Nazywam si\u0119 Marzena jestem profesjonaln\u0105 makija\u017cystk\u0105 z pasj\u0105 do podkre\u015blania naturalnego pi\u0119kna.Od wielu lat fascynuj\u0119 si\u0119 sztuk\u0105 makija\u017cu, a moje do\u015bwiadczenie pozwala mi tworzy\u0107 wyj\u0105tkowe, dopasowane do potrzeb klientek stylizacje \u2013 zar\u00f3wno na co dzie\u0144, jak i na specjalne okazje. Niezale\u017cnie od tego, czy przygotowujesz si\u0119 na \u015blub, sesj\u0119 zdj\u0119ciow\u0105, czy wieczorne wyj\u015bcie, pomog\u0119 &hellip; <\/p>\n<p class=\"link-more\"><a href=\"https:\/\/www.uroda.beskidy.pl\/index.php\/o-mnie\/\" class=\"more-link\">Czytaj dalej<span class=\"screen-reader-text\"> O mnie<\/span><\/a><\/p>\n","protected":false},"author":1,"featured_media":0,"parent":0,"menu_order":0,"comment_status":"closed","ping_status":"closed","template":"","meta":[],"_links":{"self":[{"href":"https:\/\/www.uroda.beskidy.pl\/index.php\/wp-json\/wp\/v2\/pages\/446"}],"collection":[{"href":"https:\/\/www.uroda.beskidy.pl\/index.php\/wp-json\/wp\/v2\/pages"}],"about":[{"href":"https:\/\/www.uroda.beskidy.pl\/index.php\/wp-json\/wp\/v2\/types\/page"}],"author":[{"embeddable":true,"href":"https:\/\/www.uroda.beskidy.pl\/index.php\/wp-json\/wp\/v2\/users\/1"}],"replies":[{"embeddable":true,"href":"https:\/\/www.uroda.beskidy.pl\/index.php\/wp-json\/wp\/v2\/comments?post=446"}],"version-history":[{"count":1,"href":"https:\/\/www.uroda.beskidy.pl\/index.php\/wp-json\/wp\/v2\/pages\/446\/revisions"}],"predecessor-version":[{"id":448,"href":"https:\/\/www.uroda.beskidy.pl\/index.php\/wp-json\/wp\/v2\/pages\/446\/revisions\/448"}],"wp:attachment":[{"href":"https:\/\/www.uroda.beskidy.pl\/index.php\/wp-json\/wp\/v2\/media?parent=446"}],"curies":[{"name":"wp","href":"https:\/\/api.w.org\/{rel}","templated":true}]}}