{"id":94,"date":"2020-09-08T17:54:28","date_gmt":"2020-09-08T17:54:28","guid":{"rendered":"https:\/\/www.uroda.beskidy.pl\/?page_id=94"},"modified":"2023-11-16T20:50:48","modified_gmt":"2023-11-16T20:50:48","slug":"partnerzy","status":"publish","type":"page","link":"https:\/\/www.uroda.beskidy.pl\/index.php\/partnerzy\/","title":{"rendered":"Partnerzy"},"content":{"rendered":"\n<p class=\"has-text-color\" style=\"color:#9f3377\">Oto lista polecanych przeze mnie us\u0142ugodawc\u00f3w \ud83d\ude42<\/p>\n\n\n\n<p>Musca.pl &#8211; polecam profesjonalne us\u0142ugi fotograficzne. <\/p>\n\n\n\n<figure class=\"wp-block-image size-large\"><a href=\"https:\/\/www.musca.pl\/\" target=\"_blank\" rel=\"noopener noreferrer\"><img loading=\"lazy\" width=\"1019\" height=\"413\" src=\"https:\/\/www.uroda.beskidy.pl\/wp-content\/uploads\/2023\/02\/musca1.jpg\" alt=\"\" class=\"wp-image-345\" srcset=\"https:\/\/www.uroda.beskidy.pl\/wp-content\/uploads\/2023\/02\/musca1.jpg 1019w, https:\/\/www.uroda.beskidy.pl\/wp-content\/uploads\/2023\/02\/musca1-300x122.jpg 300w, https:\/\/www.uroda.beskidy.pl\/wp-content\/uploads\/2023\/02\/musca1-768x311.jpg 768w\" sizes=\"(max-width: 767px) 89vw, (max-width: 1000px) 54vw, (max-width: 1071px) 543px, 580px\" \/><\/a><\/figure>\n\n\n\n<p>NM Studio Urody &#8211; doskona\u0142a wsp\u00f3\u0142praca w dziedzinie fryzjerstwa.<\/p>\n\n\n\n<figure class=\"wp-block-image size-large\"><a href=\"https:\/\/www.instagram.com\/nm_studio_urody\/\" target=\"_blank\" rel=\"noopener noreferrer\"><img loading=\"lazy\" width=\"1024\" height=\"413\" src=\"https:\/\/www.uroda.beskidy.pl\/wp-content\/uploads\/2023\/02\/nm.jpg\" alt=\"\" class=\"wp-image-347\" srcset=\"https:\/\/www.uroda.beskidy.pl\/wp-content\/uploads\/2023\/02\/nm.jpg 1024w, https:\/\/www.uroda.beskidy.pl\/wp-content\/uploads\/2023\/02\/nm-300x121.jpg 300w, https:\/\/www.uroda.beskidy.pl\/wp-content\/uploads\/2023\/02\/nm-768x310.jpg 768w\" sizes=\"(max-width: 767px) 89vw, (max-width: 1000px) 54vw, (max-width: 1071px) 543px, 580px\" \/><\/a><\/figure>\n\n\n\n<p>FajneAuta.pl &#8211; profesjonalne, licencjonowane przewozy \u015blubne, samoch\u00f3d do \u015blubu Szczyrk, auto do \u015blubu Bielsko-Bia\u0142a. <\/p>\n\n\n\n<figure class=\"wp-block-image size-large\"><a href=\"https:\/\/fajneauta.pl\" target=\"_blank\" rel=\"noopener noreferrer\"><img loading=\"lazy\" width=\"1024\" height=\"413\" src=\"https:\/\/www.uroda.beskidy.pl\/wp-content\/uploads\/2020\/09\/FA-1024x413.jpg\" alt=\"\" class=\"wp-image-95\" srcset=\"https:\/\/www.uroda.beskidy.pl\/wp-content\/uploads\/2020\/09\/FA-1024x413.jpg 1024w, https:\/\/www.uroda.beskidy.pl\/wp-content\/uploads\/2020\/09\/FA-300x121.jpg 300w, https:\/\/www.uroda.beskidy.pl\/wp-content\/uploads\/2020\/09\/FA-768x310.jpg 768w, https:\/\/www.uroda.beskidy.pl\/wp-content\/uploads\/2020\/09\/FA.jpg 1332w\" sizes=\"(max-width: 767px) 89vw, (max-width: 1000px) 54vw, (max-width: 1071px) 543px, 580px\" \/><\/a><\/figure>\n\n\n\n<p>Taxi Szczyrk \u2013 mi\u0142o i niezawodnie, transfery lotniskowe, transfery mi\u0119dzymiastowe, transfery na dworce autobusowe i kolejowe, zakupy z dostaw\u0105 do domu.<\/p>\n\n\n\n<figure class=\"wp-block-image size-large\"><a href=\"https:\/\/pjtaxi.pl\" target=\"_blank\" rel=\"noopener noreferrer\"><img loading=\"lazy\" width=\"1024\" height=\"413\" src=\"https:\/\/www.uroda.beskidy.pl\/wp-content\/uploads\/2020\/09\/Pj-1024x413.jpg\" alt=\"\" class=\"wp-image-96\" srcset=\"https:\/\/www.uroda.beskidy.pl\/wp-content\/uploads\/2020\/09\/Pj-1024x413.jpg 1024w, https:\/\/www.uroda.beskidy.pl\/wp-content\/uploads\/2020\/09\/Pj-300x121.jpg 300w, https:\/\/www.uroda.beskidy.pl\/wp-content\/uploads\/2020\/09\/Pj-768x310.jpg 768w, https:\/\/www.uroda.beskidy.pl\/wp-content\/uploads\/2020\/09\/Pj.jpg 1332w\" sizes=\"(max-width: 767px) 89vw, (max-width: 1000px) 54vw, (max-width: 1071px) 543px, 580px\" \/><\/a><\/figure>\n\n\n\n<p>Providum.pl &#8211; Doradca ADR, DGSA przew\u00f3z towar\u00f3w niebezpiecznych, certyfikat kompetencji zawodowych w przewozie rzeczy i os\u00f3b Bielsko-Bia\u0142a, \u017bywiec, Szczyrk, Cieszyn, Skocz\u00f3w- pe\u0142ny profesjonalizm<\/p>\n\n\n\n<figure class=\"wp-block-image size-large\"><a href=\"https:\/\/providum.pl\" target=\"_blank\" rel=\"noopener noreferrer\"><img loading=\"lazy\" width=\"1024\" height=\"413\" src=\"https:\/\/www.uroda.beskidy.pl\/wp-content\/uploads\/2020\/09\/providum-1024x413.jpg\" alt=\"\" class=\"wp-image-97\" srcset=\"https:\/\/www.uroda.beskidy.pl\/wp-content\/uploads\/2020\/09\/providum-1024x413.jpg 1024w, https:\/\/www.uroda.beskidy.pl\/wp-content\/uploads\/2020\/09\/providum-300x121.jpg 300w, https:\/\/www.uroda.beskidy.pl\/wp-content\/uploads\/2020\/09\/providum-768x310.jpg 768w, https:\/\/www.uroda.beskidy.pl\/wp-content\/uploads\/2020\/09\/providum.jpg 1332w\" sizes=\"(max-width: 767px) 89vw, (max-width: 1000px) 54vw, (max-width: 1071px) 543px, 580px\" \/><\/a><\/figure>\n\n\n\n<p>GOORSKIE &#8211; ca\u0142oroczne domki w centrum Szczyrku<\/p>\n\n\n\n<figure class=\"wp-block-image size-large\"><a href=\"https:\/\/www.goorskie.pl\/\" target=\"_blank\" rel=\"noopener noreferrer\"><img loading=\"lazy\" width=\"1024\" height=\"387\" src=\"https:\/\/www.uroda.beskidy.pl\/wp-content\/uploads\/2021\/02\/goorskie-1024x387.jpg\" alt=\"\" class=\"wp-image-101\" srcset=\"https:\/\/www.uroda.beskidy.pl\/wp-content\/uploads\/2021\/02\/goorskie-1024x387.jpg 1024w, https:\/\/www.uroda.beskidy.pl\/wp-content\/uploads\/2021\/02\/goorskie-300x114.jpg 300w, https:\/\/www.uroda.beskidy.pl\/wp-content\/uploads\/2021\/02\/goorskie-768x291.jpg 768w, https:\/\/www.uroda.beskidy.pl\/wp-content\/uploads\/2021\/02\/goorskie.jpg 1332w\" sizes=\"(max-width: 767px) 89vw, (max-width: 1000px) 54vw, (max-width: 1071px) 543px, 580px\" \/><\/a><\/figure>\n","protected":false},"excerpt":{"rendered":"<p>Oto lista polecanych przeze mnie us\u0142ugodawc\u00f3w \ud83d\ude42 Musca.pl &#8211; polecam profesjonalne us\u0142ugi fotograficzne. NM Studio Urody &#8211; doskona\u0142a wsp\u00f3\u0142praca w dziedzinie fryzjerstwa. FajneAuta.pl &#8211; profesjonalne, licencjonowane przewozy \u015blubne, samoch\u00f3d do \u015blubu Szczyrk, auto do \u015blubu Bielsko-Bia\u0142a. Taxi Szczyrk \u2013 mi\u0142o i niezawodnie, transfery lotniskowe, transfery mi\u0119dzymiastowe, transfery na dworce autobusowe i kolejowe, zakupy z dostaw\u0105 &hellip; <\/p>\n<p class=\"link-more\"><a href=\"https:\/\/www.uroda.beskidy.pl\/index.php\/partnerzy\/\" class=\"more-link\">Czytaj dalej<span class=\"screen-reader-text\"> Partnerzy<\/span><\/a><\/p>\n","protected":false},"author":1,"featured_media":0,"parent":0,"menu_order":0,"comment_status":"closed","ping_status":"closed","template":"","meta":[],"_links":{"self":[{"href":"https:\/\/www.uroda.beskidy.pl\/index.php\/wp-json\/wp\/v2\/pages\/94"}],"collection":[{"href":"https:\/\/www.uroda.beskidy.pl\/index.php\/wp-json\/wp\/v2\/pages"}],"about":[{"href":"https:\/\/www.uroda.beskidy.pl\/index.php\/wp-json\/wp\/v2\/types\/page"}],"author":[{"embeddable":true,"href":"https:\/\/www.uroda.beskidy.pl\/index.php\/wp-json\/wp\/v2\/users\/1"}],"replies":[{"embeddable":true,"href":"https:\/\/www.uroda.beskidy.pl\/index.php\/wp-json\/wp\/v2\/comments?post=94"}],"version-history":[{"count":8,"href":"https:\/\/www.uroda.beskidy.pl\/index.php\/wp-json\/wp\/v2\/pages\/94\/revisions"}],"predecessor-version":[{"id":378,"href":"https:\/\/www.uroda.beskidy.pl\/index.php\/wp-json\/wp\/v2\/pages\/94\/revisions\/378"}],"wp:attachment":[{"href":"https:\/\/www.uroda.beskidy.pl\/index.php\/wp-json\/wp\/v2\/media?parent=94"}],"curies":[{"name":"wp","href":"https:\/\/api.w.org\/{rel}","templated":true}]}}